{"id":687,"date":"2016-02-06T23:29:04","date_gmt":"2016-02-06T22:29:04","guid":{"rendered":"http:\/\/hyr.nl\/nieuw\/?page_id=687"},"modified":"2024-10-09T20:30:52","modified_gmt":"2024-10-09T18:30:52","slug":"lesrooster","status":"publish","type":"page","link":"https:\/\/hyr.nl\/?page_id=687","title":{"rendered":"Lesrooster"},"content":{"rendered":"<div class=\"fcbkbttn_buttons_block\" id=\"fcbkbttn_left\"><div class=\"fcbkbttn_button\">\n                            <a href=\"https:\/\/www.facebook.com\/\" target=\"_blank\">\n                                <img decoding=\"async\" src=\"https:\/\/hyr.nl\/wp-content\/plugins\/facebook-button-plugin\/images\/standard-facebook-ico.png\" alt=\"Fb-Button\" \/>\n                            <\/a>\n                        <\/div><div class=\"fcbkbttn_like \"><fb:like href=\"https:\/\/hyr.nl\/?page_id=687\" action=\"like\" colorscheme=\"light\" layout=\"standard\"  width=\"225px\" size=\"small\"><\/fb:like><\/div><\/div><div id='layer_slider_1'  class='avia-layerslider main_color avia-shadow  avia-builder-el-0  el_before_av_submenu  avia-builder-el-first  container_wrap fullsize'  style='height: 301px;'  ><\/div>\n<div class='clear'><\/div><div id='sub_menu1'  class='av-submenu-container av-1q6p4f-27ca78348098c1bbb3350887b9962c2d main_color  avia-builder-el-1  el_after_av_layerslider  el_before_av_heading  av-sticky-submenu submenu-not-first container_wrap fullsize' style='z-index:301' ><div class='container av-menu-mobile-disabled av-submenu-pos-left'><ul id=\"menu-kalender\" class=\"av-subnav-menu\"><li role=\"menuitem\" id=\"menu-item-707\" class=\"menu-item menu-item-type-post_type menu-item-object-page menu-item-top-level menu-item-top-level-1\"><a href=\"https:\/\/hyr.nl\/?page_id=687\" itemprop=\"url\" tabindex=\"0\"><span class=\"avia-bullet\"><\/span><span class=\"avia-menu-text\">Lesrooster<\/span><span class=\"avia-menu-fx\"><span class=\"avia-arrow-wrap\"><span class=\"avia-arrow\"><\/span><\/span><\/span><\/a><\/li>\n<li role=\"menuitem\" id=\"menu-item-708\" class=\"menu-item menu-item-type-post_type menu-item-object-page menu-item-top-level menu-item-top-level-2\"><a href=\"https:\/\/hyr.nl\/?page_id=133\" itemprop=\"url\" tabindex=\"0\"><span class=\"avia-bullet\"><\/span><span class=\"avia-menu-text\">Evenementenkalender<\/span><span class=\"avia-menu-fx\"><span class=\"avia-arrow-wrap\"><span class=\"avia-arrow\"><\/span><\/span><\/span><\/a><\/li>\n<\/ul><\/div><\/div><div class='sticky_placeholder'><\/div><div id='after_submenu_1'  class='main_color av_default_container_wrap container_wrap fullsize'  ><div class='container av-section-cont-open' ><div class='template-page content  av-content-full alpha units'><div class='post-entry post-entry-type-page post-entry-687'><div class='entry-content-wrapper clearfix'>\n\n<style type=\"text\/css\" data-created_by=\"avia_inline_auto\" id=\"style-css-av-1naq2f-2af666a539344d0f6250335c51993718\">\n#top .av-special-heading.av-1naq2f-2af666a539344d0f6250335c51993718{\npadding-bottom:10px;\n}\nbody .av-special-heading.av-1naq2f-2af666a539344d0f6250335c51993718 .av-special-heading-tag .heading-char{\nfont-size:25px;\n}\n.av-special-heading.av-1naq2f-2af666a539344d0f6250335c51993718 .av-subheading{\nfont-size:15px;\n}\n<\/style>\n<div  class='av-special-heading av-1naq2f-2af666a539344d0f6250335c51993718 av-special-heading-h3  avia-builder-el-2  el_after_av_submenu  el_before_av_textblock  avia-builder-el-first '><h3 class='av-special-heading-tag'  itemprop=\"headline\"  >Lesrooster<\/h3><div class=\"special-heading-border\"><div class=\"special-heading-inner-border\"><\/div><\/div><\/div>\n<section  class='av_textblock_section av-1heviv-30e5688a0c6347acfd2e222c4d6a0bd5'  itemscope=\"itemscope\" itemtype=\"https:\/\/schema.org\/CreativeWork\" ><div class='avia_textblock'  itemprop=\"text\" ><p>Onderstaande kalender dient als lesrooster voor de leden van de Hollandsche IJsselruiters.<\/p>\n<p><strong>Gebruik lesrooster<\/strong><br \/>\nMet name in de winterperiode kan het soms drukker zijn op de vereniging. De binnenrijbaan wordt dan intensiever gebruikt. Hierbij het verzoek dat wanneer je gaat rijden of longeren, dit v\u00f3\u00f3raf in het lesrooster te vermelden (zowel vrij rijden als (priv\u00e9)lessen). Zo houden we het voor iedereen overzichtelijk. En kan er eenvoudig een geschikt moment worden bepaald om gebruik te maken van de accommodatie.<\/p>\n<p><strong>Wil je een moment inplannen?<\/strong><br \/>\nKijk allereerst in het lesrooster of de rijbanen vrij zijn, log in op de website en reserveer de gewenste tijd, noteer jouw naam en geef aan welke rijbaan het betreft.<\/p>\n<p>LET OP: Er mogen g\u00e9\u00e9n 2 lessen tegelijkertijd ingepland worden. Uitsluitend de verenigingslessen hebben een vaste tijd en mogen herhaaldelijk ingepland worden. Een priv\u00e9les mag maximaal 2 weken van tevoren in het lesrooster gezet worden. Dit om te voorkomen dat er een tijdslot geboekt wordt die in het lesrooster blijft staan wanneer de les niet doorgaat.<\/p>\n<\/div><\/section>\n<div  class='hr av-18rgvj-4eae4e51a0efc045f58f00a2ec8c1c3b hr-default  avia-builder-el-4  el_after_av_textblock  el_before_av_textblock '><span class='hr-inner '><span class=\"hr-inner-style\"><\/span><\/span><\/div>\n<section  class='av_textblock_section av-135s2n-04f5fa32f52fdf34c6988d4e9ff14039'  itemscope=\"itemscope\" itemtype=\"https:\/\/schema.org\/CreativeWork\" ><div class='avia_textblock'  itemprop=\"text\" ><p><a href=\"http:\/\/hyr.nl\/?page_id=969\">Eigen lesrooster<\/a> \u00a0 \u00a0<a href=\"http:\/\/hyr.nl\/?page_id=962\">Ingevoerde lessen wijzigen of verwijderen<\/a><\/p>\n<\/div><\/section>\n\n<style type=\"text\/css\" data-created_by=\"avia_inline_auto\" id=\"style-css-av-uotof-6686a284de4f7f1e09fbd528e17fd675\">\n.flex_column.av-uotof-6686a284de4f7f1e09fbd528e17fd675{\nborder-radius:0px 0px 0px 0px;\n-webkit-border-radius:0px 0px 0px 0px;\n-moz-border-radius:0px 0px 0px 0px;\n}\n<\/style>\n<div class='flex_column av-uotof-6686a284de4f7f1e09fbd528e17fd675 av_one_half  avia-builder-el-6  el_after_av_textblock  el_before_av_one_half  first flex_column_div av-zero-column-padding column-top-margin'   ><section  class='av_textblock_section av-trfin-d3cbe0fe250a460df241e1600e66915f'  itemscope=\"itemscope\" itemtype=\"https:\/\/schema.org\/CreativeWork\" ><div class='avia_textblock'  itemprop=\"text\" ><!-- EventON Calendar --><div id='evcal_calendar_Lesrooster' class='ajde_evcal_calendar sev cev color esty_2 evoWV ajax_loading_cal' ><div id='evcal_head' class='calendar_header evcal_nosort' ><div class='evo_cal_above'><span class='evo-gototoday-btn' style='display:none' data-mo='4' data-yr='2026' data-dy=''>Huidige maand<\/span><\/div><div class='evo_cal_above_content'><\/div><div class='clear'><\/div><\/div>\t\t\t<div class='evo_ajax_load_events evowv_pre_loader'>\r\n\t\t\t\t<span class='d'><\/span>\r\n\t\t\t\t<span class='w'><\/span>\r\n\t\t\t<\/div>\r\n\t\t\t<div id='eventon_loadbar_section'><div id='eventon_loadbar'><\/div><\/div><div class='evo_ajax_load_events'><span><\/span><span><\/span><span><\/span><\/div><!-- Events List --><div id='evcal_list' \r\n\t\t\t\t\tclass='eventon_events_list '>\t\t\t<div class='clear'><\/div>\r\n\t\t\t<\/div>\r\n\t\t\t<div class='clear'><\/div>\r\n\t\t\t\t\t \t<div id='evcal_footer' class='evo_bottom' style='display:none'>\r\n\t\t \t\t<div class='evo_cal_data'  data-sc='{\"_in_ws\":\"1777161600\",\"accord\":\"no\",\"always_first_week\":\"no\",\"bottom_nav\":\"no\",\"cal_id\":\"Lesrooster\",\"cal_init_nonajax\":\"no\",\"calendar_type\":\"weekly\",\"currentuser\":\"no\",\"disable_week_switch\":\"no\",\"ep_fields\":\"\",\"etc_override\":\"no\",\"evc_open\":\"no\",\"event_count\":0,\"event_location\":\"all\",\"event_order\":\"ASC\",\"event_organizer\":\"all\",\"event_parts\":\"no\",\"event_past_future\":\"future\",\"event_status\":\"all\",\"event_tag\":\"all\",\"event_type\":\"all\",\"event_type_2\":\"all\",\"event_type_3\":\"all\",\"event_type_4\":\"all\",\"event_type_5\":\"all\",\"event_users\":\"all\",\"event_virtual\":\"all\",\"eventtop_date_style\":0,\"eventtop_style\":2,\"exp_jumper\":\"no\",\"exp_so\":\"no\",\"filter_relationship\":\"AND\",\"filter_show_set_only\":\"no\",\"filter_type\":\"default\",\"filters\":\"yes\",\"fixed_month\":\"4\",\"fixed_week\":1,\"fixed_year\":\"2026\",\"focus_end_date_range\":\"1777766399\",\"focus_start_date_range\":\"1777161600\",\"ft_event_priority\":\"no\",\"hide_arrows\":\"no\",\"hide_cancels\":\"no\",\"hide_empty_months\":\"no\",\"hide_end_time\":\"no\",\"hide_et_dn\":\"no\",\"hide_et_extra\":\"no\",\"hide_et_tags\":\"no\",\"hide_et_tl\":\"no\",\"hide_events_onload\":\"no\",\"hide_ft\":\"no\",\"hide_ft_img\":\"no\",\"hide_month_headers\":\"no\",\"hide_mult_occur\":\"no\",\"hide_past\":\"yes\",\"hide_past_by\":\"ee\",\"hide_so\":\"no\",\"ics\":\"no\",\"jumper\":\"no\",\"jumper_count\":5,\"jumper_offset\":\"0\",\"lang\":\"L1\",\"layout_changer\":\"no\",\"livenow_bar\":\"yes\",\"mapformat\":\"roadmap\",\"mapiconurl\":\"\",\"maps_load\":\"yes\",\"mapscroll\":\"true\",\"mapzoom\":\"18\",\"members_only\":\"no\",\"ml_priority\":\"no\",\"month_incre\":0,\"number_of_months\":\"1\",\"only_ft\":\"no\",\"pec\":\"\",\"s\":\"\",\"search\":\"\",\"search_all\":\"no\",\"sep_month\":\"no\",\"show_et_ft_img\":\"no\",\"show_limit\":\"no\",\"show_limit_ajax\":\"no\",\"show_limit_paged\":1,\"show_limit_redir\":\"\",\"show_repeats\":\"no\",\"show_upcoming\":0,\"show_year\":\"no\",\"social_share\":\"no\",\"sort_by\":\"sort_date\",\"table_style\":0,\"tile_bg\":0,\"tile_bg_size\":\"full\",\"tile_count\":2,\"tile_height\":0,\"tile_style\":0,\"tiles\":\"no\",\"users\":\"all\",\"ux_val\":\"0\",\"view_switcher\":\"no\",\"week_incre\":0,\"week_style\":0,\"wpml_l1\":\"\",\"wpml_l2\":\"\",\"wpml_l3\":\"\",\"yl_priority\":\"no\",\"fixed_day\":\"28\",\"_cver\":\"4.0.5\"}' data-od='{\"lang_no_events\":\"Geen evenementen\"}'><\/div>\r\n\t\t \t\t<div class='evo_cal_events' data-events=\"\"><\/div>\r\n\t\t \t<\/div>\r\n\t\t\t\t\r\n\t\t\t\r\n\t\t\t\t\t\t<\/div><!-- EventON End -->\r\n\t\t\t\n<\/div><\/section><\/div>\n\n<style type=\"text\/css\" data-created_by=\"avia_inline_auto\" id=\"style-css-av-mc427-314d8bdffa01885fee4cc1935a6771a2\">\n.flex_column.av-mc427-314d8bdffa01885fee4cc1935a6771a2{\nborder-radius:0px 0px 0px 0px;\n-webkit-border-radius:0px 0px 0px 0px;\n-moz-border-radius:0px 0px 0px 0px;\n}\n<\/style>\n<div class='flex_column av-mc427-314d8bdffa01885fee4cc1935a6771a2 av_one_half  avia-builder-el-8  el_after_av_one_half  el_before_av_hr  flex_column_div av-zero-column-padding column-top-margin'   ><section  class='av_textblock_section av-dycmv-550521566045e8a93542a3d67306d9ae'  itemscope=\"itemscope\" itemtype=\"https:\/\/schema.org\/CreativeWork\" ><div class='avia_textblock'  itemprop=\"text\" ><div class='eventon_au_form_section ' style='display:block'>\n\t\n\n<div id='eventon_form_64341' class='evoau_submission_form loginneeded  ' data-fid='438932' data-mce='0'>\n\t<a class='closeForm'>X<\/a>\n\t<form method=\"POST\" action=\"\" enctype=\"multipart\/form-data\" id='evoau_form' class='' data-msub='ow' data-redirect='nehe' data-rdur='' data-limitsubmission='nehe' data-enhance=\"false\">\n\t\t\n\t\t<input type='hidden' class='evoau_form_atts' data-d='{\"lang\":\"L1\",\"ligthbox\":\"no\",\"msub\":\"yes\",\"rlink\":\"\",\"rdir\":\"no\",\"calltype\":\"new\",\"wordcount\":0,\"formrtl\":\"no\",\"header\":\"Nieuwe les invoeren\"}'\/>\n\n\t<input type='hidden' name='action' value='evoau_event_submission'\/><input type='hidden' name='evoau_v' value='2.2.9'\/><input type='hidden' name='_evo_lang' value='L1'\/><input type='hidden' name='form_action' value='newform'\/>\t<input type=\"hidden\" id=\"evoau_noncename\" name=\"evoau_noncename\" value=\"3fe3afcf36\" \/><input type=\"hidden\" name=\"_wp_http_referer\" value=\"\/index.php?rest_route=%2Fwp%2Fv2%2Fpages%2F687\" \/>\t\t\n\t\t<div class='inner' style='display:block'>\n\t\t<h2>Nieuwe les invoeren<\/h2>\n\t\t\t\t\n\t\t<p class='eventon_form_message'><span>Je moet inloggen om lessen\/evenementen te kunnen invoeren <br\/><a class=\"evcal_btn\" title=\"Login\" href=\"https:\/\/hyr.nl\/wp-login.php?redirect_to=https%3A%2F%2Fhyr.nl%2F%3Fpage_id%3D687\">Login<\/a><\/span><\/p>\t\t<\/div><!-- inner -->\n\t\t\t\n\t<\/form>\n\t\n<\/div>\n<\/div><!--.eventon_au_form_section-->\n\n<\/div><\/section><\/div>\n<div  class='hr av-14cov-1f06b8e297dbcc9eb9f878aeb42aff64 hr-default  avia-builder-el-10  el_after_av_one_half  avia-builder-el-last '><span class='hr-inner '><span class=\"hr-inner-style\"><\/span><\/span><\/div>\n","protected":false},"excerpt":{"rendered":"","protected":false},"author":1,"featured_media":0,"parent":0,"menu_order":0,"comment_status":"closed","ping_status":"closed","template":"","meta":{"footnotes":""},"class_list":["post-687","page","type-page","status-publish","hentry"],"_links":{"self":[{"href":"https:\/\/hyr.nl\/index.php?rest_route=\/wp\/v2\/pages\/687","targetHints":{"allow":["GET"]}}],"collection":[{"href":"https:\/\/hyr.nl\/index.php?rest_route=\/wp\/v2\/pages"}],"about":[{"href":"https:\/\/hyr.nl\/index.php?rest_route=\/wp\/v2\/types\/page"}],"author":[{"embeddable":true,"href":"https:\/\/hyr.nl\/index.php?rest_route=\/wp\/v2\/users\/1"}],"replies":[{"embeddable":true,"href":"https:\/\/hyr.nl\/index.php?rest_route=%2Fwp%2Fv2%2Fcomments&post=687"}],"version-history":[{"count":50,"href":"https:\/\/hyr.nl\/index.php?rest_route=\/wp\/v2\/pages\/687\/revisions"}],"predecessor-version":[{"id":8915,"href":"https:\/\/hyr.nl\/index.php?rest_route=\/wp\/v2\/pages\/687\/revisions\/8915"}],"wp:attachment":[{"href":"https:\/\/hyr.nl\/index.php?rest_route=%2Fwp%2Fv2%2Fmedia&parent=687"}],"curies":[{"name":"wp","href":"https:\/\/api.w.org\/{rel}","templated":true}]}}